a composite number?
False
Is 44128997053 a prime number?
True
Is 2398159289 a prime number?
False
Is 65658403813 a prime number?
True
Is 1700296481 composite?
True
Is 13064336471 a composite number?
False
Is 9710127209 a prime number?
False
Is 40087057 prime?
True
Is 3088122911 a prime number?
False
Is 5352774463 composite?
False
Is 3599617163 composite?
True
Is 629036921 a composite number?
False
Is 2105435149 composite?
True
Is 1348259989 a composite number?
False
Is 956428411 prime?
True
Is 14609193751 composite?
True
Is 5319803981 composite?
False
Is 8884247611 a composite number?
True
Is 211878229 prime?
True
Is 7898204019 a composite number?
True
Is 133321628893 a composite number?
False
Is 51397523 prime?
False
Is 160063399 composite?
True
Is 106277161 composite?
False
Is 48773691877 prime?
False
Is 14205037477 a composite number?
False
Is 14042320979 a composite number?
False
Is 702954839 prime?
True
Is 126611354521 prime?
False
Is 97082546711 a prime number?
True
Is 156655440361 a composite number?
True
Is 2217861761 prime?
True
Is 1593011759 composite?
False
Is 28192737091 a prime number?
True
Is 5064202121 a prime number?
False
Is 9418250071 a composite number?
True
Is 199532551423 a prime number?
True
Is 2136710957 a composite number?
False
Is 2078295979 composite?
False
Is 1060526309 a composite number?
False
Is 209964077 prime?
True
Is 431581977419 prime?
True
Is 66619064609 composite?
True
Is 3418205257 a prime number?
True
Is 131945671157 a prime number?
True
Is 713991739 a composite number?
True
Is 2503382043 a prime number?
False
Is 1430063087 prime?
True
Is 2022853669 a composite number?
True
Is 1171301023 a composite number?
False
Is 2184025483 composite?
False
Is 43517492723 composite?
True
Is 11520177749 a prime number?
False
Is 20907545959 composite?
False
Is 327929069 composite?
True
Is 19033558393 prime?
False
Is 1910251901 a prime number?
True
Is 4075962757 prime?
True
Is 2556277627 composite?
False
Is 13093614439 composite?
True
Is 176178859 composite?
True
Is 22157026 prime?
False
Is 10149630941 composite?
False
Is 29885127131 a prime number?
True
Is 27145969 a composite number?
True
Is 204251977 composite?
False
Is 1837672867 a composite number?
False
Is 7487475199 composite?
True
Is 45157759921 composite?
True
Is 1669043702 a prime number?
False
Is 45972911 a prime number?
True
Is 380315157 prime?
False
Is 41899103 prime?
True
Is 65081382763 a composite number?
False
Is 17618365043 composite?
False
Is 101809094 a prime number?
False
Is 1027922983 a composite number?
True
Is 682885169 composite?
False
Is 572395303 prime?
False
Is 2089619029 composite?
False
Is 303280149989 composite?
True
Is 94217969 prime?
True
Is 80923930901 composite?
True
Is 2319501929 composite?
False
Is 9103086721 a composite number?
False
Is 184204043 a composite number?
False
Is 5897963231 prime?
True
Is 49425395197 prime?
False
Is 1584904891 a composite number?
True
Is 39820128851 composite?
False
Is 3801819451 prime?
True
Is 3374823451 composite?
True
Is 59658142259 a prime number?
False
Is 43485425999 prime?
True
Is 570609139 prime?
False
Is 491747213 a prime number?
True
Is 1427861 composite?
True
Is 91274795641 prime?
True
Is 201614303 composite?
True
Is 376894313 prime?
True
Is 306233569 a composite number?
True
Is 1543956883 a composite number?
True
Is 3076864283 composite?
True
Is 118337949689 a prime number?
True
Is 10429300727 a prime number?
False
Is 3280880905 prime?
False
Is 800286901 a prime number?
False
Is 97628918 a prime number?
False
Is 473498041 a composite number?
False
Is 29789381861 composite?
False
Is 31422620513 a composite number?
True
Is 177742492451 a composite number?
True
Is 1485541819 composite?
False
Is 99169597 composite?
False
Is 57041459 prime?
True
Is 35746253021 a prime number?
True
Is 1188273298 a composite number?
True
Is 10079584507 prime?
True
Is 1855085269 prime?
True
Is 40341768289 composite?
False
Is 32812171585 composite?
True
Is 2307872711 a composite number?
False
Is 31641216395 prime?
False
Is 27596701763 composite?
False
Is 56556417823 a composite number?
False
Is 7612434239 prime?
True
Is 812661281 composite?
False
Is 22824291641 a composite number?
False
Is 7796497481 a composite number?
False
Is 2626580107 a composite number?
True
Is 57979483559 prime?
True
Is 13592033293 prime?
True
Is 198338977 a composite number?
False
Is 3339903709 prime?
False
Is 26600491733 a prime number?
False
Is 205811027 a prime number?
False
Is 393451465223 a prime number?
True
Is 65617141673 a prime number?
True
Is 28900087 a prime number?
False
Is 61518811307 composite?
True
Is 70711771727 composite?
True
Is 684629809 a composite number?
False
Is 1797549478 a prime number?
False
Is 4655589251 composite?
False
Is 25227905203 a composite number?
False
Is 1135493603 a prime number?
False
Is 4310930693 a composite number?
False
Is 12082796651 a composite number?
False
Is 17586461 composite?
False
Is 49999662959 a prime number?
True
Is 1785867518 prime?
False
Is 166508292697 prime?
True
Is 925904062 a composite number?
True
Is 1913663903 composite?
False
Is 5261458589 a composite number?
True
Is 24639697763 composite?
False
Is 31541509306 a composite number?
True
Is 31717957307 a prime number?
False
Is 128071091 a prime number?
True
Is 37205200807 a prime number?
True
Is 19915203767 a prime number?
False
Is 15899733739 composite?
True
Is 23526243595 prime?
False
Is 5533969267 prime?
False
Is 48755273927 prime?
True
Is 11450356297 a composite number?
True
Is 8777604701 composite?
True
Is 11472847 composite?
False
Is 1304355623 a composite number?
False
Is 6701521951 prime?
True
Is 76979475649 prime?
False
Is 145720654 a prime number?
False
Is 709409083 composite?
False
Is 2872413043 a composite number?
False
Is 116030713 a composite number?
False
Is 33265783 prime?
False
Is 30479729209 composite?
True
Is 1984284049 a composite number?
True
Is 841833061 composite?
True
Is 1423221287 prime?
True
Is 641187761 composite?
False
Is 516234317 prime?
True
Is 486664183 a composite number?
True
Is 1336236479 prime?
True
Is 10226113601 prime?
False
Is 699134951 a prime number?
True
Is 6622855601 a prime number?
True
Is 25862809589 composite?
False
Is 87530090519 a prime number?
True
Is 78907487 composite?
False
Is 88062833 prime?
False
Is 778149431 composite?
True
Is 2358845737 composite?
False
Is 15016076093 composite?
True
Is 33406042127 a prime number?
True
Is 320096659 a prime number?
False
Is 54879691 composite?
True
Is 45488896223 prime?
True
Is 6217674447 a prime number?
False
Is 509537657 prime?
True
Is 821936839 prime?
False
Is 1611926579 a prime number?
False
Is 2012540953 a composite number?
False
Is 1581425117 prime?
True
Is 624939673 a composite number?
False
Is 4122839249 a composite number?
True
Is 1244867033 prime?
True
Is 285417193 prime?
True
Is 29446649 a prime number?
True
Is 21526926941 a prime number?
False
Is 1166093113 prime?
True
Is 126267097 a composite number?
True
Is 3371404643 a prime number?
True
Is 17423600011 a composite number?
False
Is 11594378399 a prime number?
False
Is 5460213251 composite?
False
Is 3820649491 a composite number?
True
Is 7534835761 prime?
False
Is 41685683287 a composite number?
False
Is 941329633 prime?
True
Is 5467040581 a prime number?
True
Is 719824663 composite?
True
Is 2736532543 a prime number?
False
Is 894061123 a composite number?
False
Is 14474698633 prime?
False
Is 22015352797 composite?
False
Is 192540121 prime?
True
Is 148599822857 a prime number?
True
Is 1829843707 composite?
True
Is 7446030443 a prime number?
True
Is 825064127 composite?
False
Is 4395621629 composite?
True
Is 36202402169 a prime number?
True
Is 1710518857 composite?
True
Is 1262207239 prime?
False
Is 12659447729 a prime number?
True
Is 86602231 composite?
False
Is 30783967919 prime?
True
Is 4703589829 prime?
False
Is 626349221 composite?
True
Is 14104973221 a composite number?
True
Is 513841855 a composite number?
True
Is 420418057 composite?
False
Is 3856418389 a prime number?
False
Is 130699858253 a prime number?
False
Is 5196300839 prime?
True
Is 10494612103 a composite number?
False
Is 64650135457 a composite number?
False
Is 4912219841 prime?
False
Is 129507083 a prime number?
True
